699?
33
What is the greatest common divisor of 90 and 70?
10
Calculate the highest common divisor of 365 and 2117.
73
What is the greatest common factor of 474 and 6?
6
What is the greatest common divisor of 90 and 170?
10
Calculate the highest common factor of 700 and 420.
140
Calculate the greatest common factor of 464 and 32.
16
Calculate the highest common divisor of 1245 and 75.
15
Calculate the highest common factor of 612 and 68.
68
What is the greatest common divisor of 106 and 53?
53
What is the greatest common divisor of 184 and 24?
8
Calculate the highest common factor of 1107 and 205.
41
What is the highest common divisor of 156 and 37908?
156
Calculate the greatest common factor of 1863 and 324.
81
Calculate the greatest common factor of 4455 and 330.
165
What is the greatest common divisor of 17066 and 28?
14
What is the greatest common divisor of 425 and 25?
25
What is the highest common factor of 522 and 18?
18
What is the greatest common divisor of 42 and 58?
2
Calculate the greatest common factor of 18 and 866.
2
Calculate the highest common factor of 90 and 54.
18
Calculate the greatest common divisor of 198 and 22.
22
Calculate the highest common factor of 1157 and 325.
13
Calculate the greatest common factor of 299 and 161.
23
What is the greatest common factor of 104 and 4420?
52
What is the highest common divisor of 2951 and 13?
13
Calculate the greatest common divisor of 44736 and 384.
192
What is the highest common factor of 5371 and 131?
131
What is the greatest common factor of 77982 and 492?
246
What is the highest common factor of 6509 and 1132?
283
Calculate the highest common divisor of 6700 and 2144.
268
What is the highest common divisor of 146 and 2?
2
Calculate the highest common factor of 12 and 2238.
6
Calculate the greatest common factor of 588 and 300.
12
Calculate the highest common factor of 15 and 205.
5
What is the highest common factor of 1405 and 3?
1
Calculate the highest common divisor of 36 and 207.
9
What is the highest common divisor of 1105 and 2975?
85
Calculate the highest common divisor of 140 and 476.
28
Calculate the greatest common factor of 1857 and 9.
3
Calculate the greatest common factor of 305 and 183.
61
Calculate the highest common divisor of 7 and 497.
7
Calculate the greatest common factor of 63 and 7.
7
What is the greatest common factor of 420 and 9100?
140
Calculate the highest common factor of 7480 and 170.
170
Calculate the highest common factor of 18 and 1053.
9
Calculate the highest common divisor of 11350 and 50.
50
Calculate the greatest common factor of 10 and 5.
5
Calculate the highest common factor of 57 and 76.
19
What is the greatest common divisor of 30 and 850?
10
What is the highest common divisor of 360 and 440?
40
Calculate the greatest common factor of 66 and 2739.
33
What is the highest common factor of 2 and 134?
2
What is the greatest common divisor of 91 and 1495?
13
Calculate the highest common divisor of 432 and 32.
16
Calculate the greatest common factor of 10 and 4010.
10
What is the highest common factor of 336 and 21?
21
Calculate the greatest common divisor of 20 and 25.
5
What is the highest common divisor of 19 and 323?
19
What is the highest common factor of 7 and 112?
7
Calculate the highest common divisor of 137 and 9179.
137
What is the highest common factor of 53 and 59?
1
Calculate the greatest common factor of 707 and 5757.
101
What is the greatest common factor of 38 and 4?
2
What is the highest common factor of 3227 and 35?
7
What is the greatest common divisor of 147 and 84?
21
What is the greatest common divisor of 456 and 171?
57
Calculate the greatest common divisor of 21 and 19173.
21
What is the highest common divisor of 740 and 40?
20
Calculate the greatest common divisor of 2077 and 1943.
67
What is the highest common divisor of 624 and 442?
26
What is the greatest common divisor of 1769 and 2440?
61
What is the highest common factor of 9555 and 117?
39
What is the greatest common divisor of 8670 and 204?
102
What is the greatest common divisor of 2856 and 36?
12
Calculate the highest common factor of 17 and 22423.
17
What is the highest common factor of 186 and 47244?
186
Calculate the highest common factor of 1980 and 225.
45
Calculate the highest common divisor of 15 and 192.
3
Calculate the highest common factor of 1261 and 52.
13
What is the highest common divisor of 41 and 18901?
41
What is the greatest common divisor of 305 and 366?
61
Calculate the greatest common divisor of 55 and 80.
5
Calculate the highest common divisor of 368 and 144.
16
Calculate the greatest common factor of 2412 and 2.
2
Calculate the highest common divisor of 33 and 2112.
33
What is the greatest common factor of 437 and 46?
23
What is the greatest common divisor of 56 and 952?
56
What is the highest common divisor of 99 and 88?
11
Calculate the greatest common divisor of 263 and 17.
1
What is the greatest common divisor of 788 and 12?
4
Calculate the greatest common divisor of 11578 and 56.
14
What is the highest common factor of 100 and 2525?
25
What is the highest common divisor of 2046 and 286?
22
What is the highest common factor of 639 and 4189?
71
What is the greatest common divisor of 50 and 2275?
25
What is the greatest common factor of 49 and 637?
49
What is the greatest common factor of 253 and 1023?
11
What is the highest common factor of 912 and 1152?
48
Calculate the highest common divisor of 161 and 21.
7
Calculate the greatest common factor of 170 and 70.
10
What is the greatest common divisor of 5 and 313?
1
Calculate the greatest common factor of 8550 and 342.
342
Calculate the greatest common divisor of 8 and 11.
1
What is the highest common factor of 3699 and 1?
1
Calculate the highest common factor of 720 and 576.
144
What is the greatest common divisor of 9 and 63?
9
What is the greatest common factor of 24 and 444?
12
Calculate the greatest common divisor of 1242 and 18.
18
Calculate the greatest common factor of 60 and 620.
20
Calculate the greatest common divisor of 471 and 1256.
157
Calculate the highest common factor of 23 and 3841.
23
Calculate the greatest common divisor of 12 and 4014.
6
Calculate the highest common factor of 12 and 1572.
12
What is the greatest common divisor of 3072 and 480?
96
What is the highest common divisor of 188 and 20?
4
What is the greatest common factor of 2000 and 16?
16
What is the highest common divisor of 252 and 315?
63
What is the greatest common factor of 600 and 20800?
200
Calculate the greatest common factor of 132 and 2013.
33
What is the highest common divisor of 220 and 620?
20
Calculate the highest common divisor of 1269 and 47.
47
What is the highest common divisor of 6 and 57?
3
What is the highest common divisor of 27 and 14013?
27
What is the greatest common factor of 4 and 964?
4
Calculate the greatest common factor of 5126 and 5359.
233
What is the greatest common divisor of 46 and 94?
2
What is the greatest common divisor of 208 and 1352?
104
What is the greatest common divisor of 10 and 85?
5
Calculate the greatest common divisor of 475 and 100.
25
What is the highest common factor of 22 and 1991?
11
What is the greatest common factor of 25112 and 86?
86
Calculate the greatest common divisor of 34 and 1462.
34
What is the highest common factor of 90 and 2270?
10
What is the highest common factor of 12 and 6231?
3
What is the greatest common divisor of 25 and 20?
5
What is the greatest common divisor of 410 and 11398?
82
Calculate the greatest common divisor of 1076 and 24.
4
Calculate the greatest common factor of 114 and 1216.
38
What is the highest common divisor of 416 and 364?
52
Calculate the greatest common divisor of 48 and 176.
16
Calculate the highest common divisor of 1177 and 214.
107
Calculate the greatest common factor of 3808 and 532.
28
Calculate the highest common divisor of 16195 and 1025.
205
Calculate the greatest common divisor of 1 and 472.
1
What is the greatest common factor of 2367 and 9?
9
Calculate the highest common factor of 20 and 2320.
20
What is the greatest common factor of 48640 and 38?
38
What is the greatest common divisor of 50 and 280?
10
What is the highest common divisor of 33 and 165?
33
What is the greatest common factor of